 5*n - 2*l - 17 = 6, -25 = -3*n + 4*l. Let b be x(n). What is the remainder when b + 51 - -3 - -2 is divided by 14?
12
Let c be -8*((-10)/8 + 2). Let o(p) = p + 6. Let b be o(c). Suppose -m - 2*q + 21 = b, 3*q = 4*m - 24 - 5. What is the remainder when m is divided by 6?
5
Let h = 1 - 1. Suppose -4*v + v + 84 = h. Let r = v + -19. What is the remainder when 26 is divided by r?
8
Suppose -2*i = -3*s + 3*i + 233, 2*s = -3*i + 130. Suppose n - s = -k, 7*n - 25 = 2*n. Calculate the remainder when k is divided by 17.
15
Let i(u) = -u - 9. Let d be i(0). Let w be -10*(-2 + d/(-6)). Let y = 10 + w. What is the remainder when 28 is divided by y?
13
Suppose 4*s = 20 + 28. Suppose -5*l + l + s = 0. Suppose -57 = -l*h - 0*h. Calculate the remainder when 55 is divided by h.
17
Calculate the remainder when 24 is divided by (-1 - (-7 - -2)) + 3.
3
Let a(g) = -2*g + 2. Let m be ((-5)/(-2))/((-5)/10). Calculate the remainder when 23 is divided by a(m).
11
Suppose 9*b + 56 = l + 5*b, 3*l - 5*b = 147. Calculate the remainder when l is divided by 16.
12
Suppose -14*g + 9*g + 15 = 0. Calculate the remainder when 0 - (-2 - -4 - 8) is divided by g.
0
Suppose 0 = -u - 2*u + 36. Calculate the remainder when u is divided by 4.
0
Suppose -3*j - 3 = -3*a, -17 = a + j + 4*j. Calculate the remainder when a/7 + (-1408)/(-28) is divided by 17.
16
Suppose -2*r + 50 = 3*l, -2*l + 3*r = r - 30. Calculate the remainder when 75 is divided by l.
11
Suppose 2*o - o + 5*c + 3 = 0, 5*o + 2*c - 8 = 0. Suppose 7*z = o*z + 170. Calculate the remainder when z is divided by 9.
7
Suppose -20 = -0*j - 4*j. Calculate the remainder when 18 is divided by j.
3
Suppose 5*f - 73 = 197. Calculate the remainder when f is divided by 29.
25
Let p(i) = -2*i**3 - 3*i**2 - 2*i - 4. Calculate the remainder when p(-3) is divided by 10.
9
Suppose a = 2 - 3, k + 2*a = -22. Let m be 1*-13 + (-1 - -1). Let s = m - k. What is the remainder when s is divided by 3?
1
Suppose 81 = 5*q - d, d + 52 = 4*q - 3*d. Let c = -4 + 100. Suppose j = 2*o + 2*j - c, -2*o - 5*j + 88 = 0. Calculate the remainder when o is divided by q.
15
Let n(x) = -x**2 - 12*x - 15. Calculate the remainder when 16 is divided by n(-9).
4
Suppose -5*u + 0 - 45 = 0. What is the remainder when 6/u + 280/6 is divided by 16?
14
Calculate the remainder when 30/((-1)/(-2)*4) is divided by 6.
3
Suppose -5*g + 47 + 23 = 0. Calculate the remainder when 40 is divided by g.
12
Let l(s) = -s**3 - 3*s**2 + 4*s + 2. Let r be l(-4). Let v = r - -10. Calculate the remainder when 23 is divided by v.
11
Let q(t) = t**2 - 6*t + 8. Suppose v - 3*v = -14. What is the remainder when v is divided by q(5)?
1
Let n(c) = c**2 + 14*c + 16. What is the remainder when 5 is divided by n(-13)?
2
Suppose -z = -2 - 14. What is the remainder when z + (2 + 1 - 6) is divided by 4?
1
Let d(h) = h**2 + 12*h - 7. Calculate the remainder when d(-13) is divided by 5 - (1 - (2 + -2)).
2
Suppose a = 2*a - 1. Suppose -2*b + a = -b. Calculate the remainder when 2 is divided by b.
0
Let s = 48 + -3. Suppose 3*d + 0*l - 2*l - 82 = 0, -4*d + 81 = 3*l. What is the remainder when s is divided by d?
21
Suppose -j - 29 = -5*j + 3*p, -5*p = 5*j - 10. Suppose 0 = 2*v - v - j. Let m = 7 + -3. What is the remainder when v is divided by m?
1
Let v(y) = -y**3 - 2*y**2 + 4*y + 2. What is the remainder when 4 is divided by v(0)?
0
Let f(g) = g**2 - 4 + 0*g + 3 + 3 - 5*g. Let m be f(2). Let b = m - -9. Calculate the remainder when 17 is divided by b.
2
Suppose -5*u - w = -55, -3*w - 18 - 33 = -3*u. Let m = -7 + u. Suppose 2*s + 4*y - 38 = 0, -2*s - s - y = -57. What is the remainder when s is divided by m?
4
Suppose c + 3*c - 32 = -4*x, x = 5*c - 64. Suppose -7*v + 20 = -2*v. Suppose -37 = -v*t + 147. What is the remainder when t is divided by c?
10
Calculate the remainder when 97 is divided by (-6)/21 - (-354)/14.
22
Suppose 2*r + 20 = 4*r + 4*z, 4*r - 4 = z. Let g(d) = -1 + d - d**r - 2 - 7*d. What is the remainder when 8 is divided by g(-4)?
3
Suppose 0 = -5*v + v + 40. What is the remainder when v is divided by 2?
0
Let c(g) = -7*g - 12. Let w = 2 + 3. Suppose 0 = w*l - 11 + 51. Calculate the remainder when c(l) is divided by 15.
14
Suppose -5*r + r - 52 = -4*t, 0 = -t - 2*r + 28. Suppose -t + 120 = 3*l. What is the remainder when l is divided by 9?
7
Let k = 142 - 113. Calculate the remainder when 82 is divided by k.
24
Suppose 12*p = 11*p + 14. What is the remainder when 25 is divided by p?
11
Let a(i) = -i + 18. Let d be (0 + 0)*(0 - 1). Let v be -2 - (-1 - 1) - d. Calculate the remainder when 35 is divided by a(v).
17
Suppose 0 = -j + 2*r + 6, -2*j + r - 2 = -17. Calculate the remainder when 53 is divided by j.
5
Let d(i) = 3*i + 5. Let c be (-2 - 1)*8/(-6). Suppose -3*r + 111 = c*y - y, r = y + 41. Calculate the remainder when r is divided by d(5).
19
Suppose 0*b - 8*b + 536 = 0. What is the remainder when b is divided by 35?
32
Suppose 4*u + 19 = 4*b - 1, 2*b - 10 = -4*u. Suppose 0 = 2*x + b*s - 36, 8 = 3*s - s. What is the remainder when 22 is divided by x?
6
Suppose -h - h = -10. Let d(k) = k - 3. What is the remainder when h is divided by d(5)?
1
Suppose -4*p + 2 = -26. Let s(v) = 2*v**3 + 2*v. Calculate the remainder when s(2) is divided by p.
6
Suppose -6 = -19*k + 17*k. Let b = 7 - 5. What is the remainder when k is divided by b?
1
Suppose -2*k - 2*k - y = -33, 0 = 5*k + 3*y - 50. Let o(g) = g**3 - 5*g**2 + g + 8. What is the remainder when o(5) is divided by k?
6
Suppose b - 4*p = -5, -5*p + 7 = b - 24. Let q = -8 + b. Calculate the remainder when 5 is divided by q.
2
Suppose -2*h + 1 = -3. Let c(j) = -j**3 - 7*j**2 - 8*j + 3. Let m be c(-6). Suppose 5*g - 35 = -v, -h*v + 5 = m. What is the remainder when 15 is divided by g?
7
Suppose 6*s - 4*s = 28. Calculate the remainder when 39 is divided by s.
11
Let k = 138 - 93. What is the remainder when k is divided by 24?
21
Let y(a) = -3 + 5 - 1 - a. Suppose -5*k = 33 + 7. Calculate the remainder when 25 is divided by y(k).
7
Let u(b) = 2*b - 4*b - b + 1 + 2*b**2. Let j be u(3). Suppose s + j = 2*a, 2*a + 3 = -5*s + 1. What is the remainder when 7 is divided by a?
3
Suppose 100 = 7*u - 75. What is the remainder when 198 is divided by u?
23
Suppose -4*i = w - 61, -5*i + w = -w - 73. Let m = 0 - -57. What is the remainder when m is divided by i?
12
Let b(q) = q - 1. Let h be b(2). Let d be 0 - 0 - h - -5. What is the remainder when 22 is divided by (d/(-10))/(2/(-60))?
10
Suppose -8*i + 9*i - 7 = 0. What is the remainder when 39 is divided by i?
4
Let a(p) = -19*p + 2. Let w be a(-2). Suppose -3*c - 3 = 5*m, -4*c - 2*m + 5 = -5. Calculate the remainder when w/7 + (-4)/(-14) is divided by c.
2
Suppose 3*p - 45 = 5*k + 36, -66 = 4*k - 3*p. Let j = 4 - k. Calculate the remainder when (-8)/28 - (-387)/7 is divided by j.
17
Suppose 0 = 7*h - 137 + 18. Calculate the remainder when 95 is divided by h.
10
Let t(a) = 4*a + a**3 - 3*a - 5*a**2 + 3*a**2. Let j be t(2). Suppose -2 + 4 = j*m. What is the remainder when 2 is divided by m?
0
Let a = 3 - 3. Suppose 3*v - 5 - 13 = a. What is the remainder when v is divided by 4?
2
Let b = -12 - -95. What is the remainder when b is divided by 21?
20
Let k be (-66)/(-10) + 4/10. Let m = k - 6. What is the remainder when m is divided by 1?
0
Suppose 7*h - 59 = -3*y + 2*h, 5*y - 61 = h. What is the remainder when 50 is divided by y?
11
Let y = -628 + 928. Suppose -3*c = -6*c - y. Calculate the remainder when c/(-12) - 2/6 is divided by 3.
2
Let y(q) = q**3 + 8*q**2 - 11*q + 4. What is the remainder when 86 is divided by y(-9)?
20
Let c = -11 + 67. Calculate the remainder when 276 is divided by c.
52
Let z = 3 - -6. Suppose -a - 4*a = -70. Calculate the remainder when (-2 - 1)*z*-1 is divided by a.
13
Let i(s) = -s**2 + 8*s - 4. Let h be i(7). Suppose -22 = -h*y + 2. What is the remainder when y is divided by 3?
2
Suppose 2*o - 4*o = -4. Suppose -o*f = -5*f. Suppose f = -4*q + 66 + 94. Calculate the remainder when q is divided by 14.
12
Let x(s) = s**3 + 13*s**2 - 2*s + 7. What is the remainder when x(-13) is divided by 12?
9
Suppose 5*t - 116 = t. Suppose -g - 54 = -v, 6*v - g - 278 = v. What is the remainder when v is divided by t?
27
Suppose -45 = -d + 6*d. Let q(h) = -2*h**3 - 5*h**2 - 3*h - 2. Calculate th